l) = -l**3 + 13*l**2 - 27*l + 13. Determine o(3).
22
Let u(c) = 86*c - 528. What is u(6)?
-12
Let v(b) = -2*b**3 - 17*b**2 + 17*b + 57. Calculate v(-9).
-15
Let r(k) = 9*k**2 + 12*k + 12. Give r(-4).
108
Let g(s) = -212*s + 2565. Calculate g(13).
-191
Let k(g) = 298*g - 8638. Give k(29).
4
Let s(k) = 2*k**2 + 86*k + 195. Determine s(0).
195
Let z(b) = -177*b + 4050. What is z(23)?
-21
Let n(q) = -2*q**2 - 72*q - 396. Give n(-24).
180
Let a(m) = -m**3 - 53*m**2 - 4*m - 205. Calculate a(-53).
7
Let c(s) = s**2 - 31*s - 751. What is c(49)?
131
Let y(h) = -7*h + 65. Give y(3).
44
Let w(k) = -k**2 + 6*k - 16. Calculate w(4).
-8
Let v(x) = x**3 - 16*x**2 + 40*x - 6. Give v(12).
-102
Let n(c) = 69*c**2 + 960*c - 65. Determine n(-14).
19
Let y(t) = -2*t**2 - 33*t + 66. Determine y(-19).
-29
Let g(b) = 24*b**3 + 3*b**2 + 3*b - 4. Determine g(1).
26
Let a(s) = -2*s**2 + 19*s - 26. What is a(6)?
16
Let c(k) = 2*k**3 - 34*k**2 + 8*k + 385. What is c(16)?
1
Let x(j) = -1470*j + 10222. What is x(7)?
-68
Let g(z) = -z**3 + 76*z**2 - 393*z - 1898. Give g(70).
-8
Let q(b) = -9*b**2 - 108*b + 18. Determine q(-12).
18
Let m(l) = -56*l + 63. Determine m(-5).
343
Let u(r) = -r**3 - 34*r**2 - 244*r + 67. What is u(-11)?
-32
Let c(v) = 446*v - 8025. Calculate c(18).
3
Let y(r) = -r**2 - 221*r - 4875. Calculate y(-196).
25
Let g(w) = w**3 - 21*w**2 - 68*w - 30. Determine g(24).
66
Let x(w) = w**2 - 1775*w + 28149. What is x(16)?
5
Let c(w) = 2*w**3 - 119*w**2 + 176*w - 45. Give c(58).
71
Let d(n) = -n**3 + 49*n**2 - 172*n + 1608. What is d(46)?
44
Let r(g) = g**3 + 2*g**2 - 27*g + 24. Give r(1).
0
Let h(d) = -5*d**3 - 5*d**2 + 5*d + 6. Determine h(2).
-44
Let d(l) = -19*l**2 - 184*l - 15. Calculate d(-11).
-290
Let i(s) = -s**3 + 71*s**2 - 1240*s - 474. What is i(33)?
-12
Let h(z) = -156*z + 1557. Give h(10).
-3
Let h(g) = -g**3 - 9*g**2 - 11*g - 30. Give h(-8).
-6
Let p(q) = 2*q**2 - 5*q - 14. Determine p(4).
-2
Let k(y) = 2*y**3 + 14*y**2 + 12*y + 5. Determine k(-5).
45
Let s(y) = 12*y - 577. Calculate s(37).
-133
Let f(z) = 7*z**2 + 39*z + 37. Calculate f(-4).
-7
Let u(f) = -f**3 - 28*f**2 - 45*f + 23. Determine u(-27).
509
Let d(k) = 5*k**2 - 1010*k - 1016. Determine d(203).
-1
Let v(g) = -41*g**2 + 535*g - 15. What is v(13)?
11
Let u(t) = 508*t - 6099. Give u(12).
-3
Let v(s) = -12*s + 7. Determine v(12).
-137
Let a(i) = i**2 - 53*i + 671. What is a(22)?
-11
Let n(l) = l**3 - 2*l**2 + 15*l + 23. Determine n(-3).
-67
Let w(m) = m**3 + 2*m**2 - 36*m - 207. What is w(-7)?
-200
Let b(l) = 2*l**2 - 4*l - 22. What is b(5)?
8
Let l(v) = v**2 + 453*v + 10700. Give l(-25).
0
Let p(l) = -l**3 - 55*l**2 - 158*l - 55. Calculate p(-52).
49
Let v(f) = 83*f**3 + 6*f**2 - 9*f + 7. What is v(1)?
87
Let c(d) = -42*d**2 - 273*d - 160. What is c(-6)?
-34
Let z(g) = 59*g - 51. Determine z(9).
480
Let q(l) = 47*l + 76. Give q(4).
264
Let w(a) = -244*a + 1983. Give w(8).
31
Let k(h) = 145*h**2 - 117*h - 114. Calculate k(-1).
148
Let q(x) = 4372*x + 26219. What is q(-6)?
-13
Let r(b) = 301*b**3 + 2*b**2 + 3*b + 1. Calculate r(-1).
-301
Let c(z) = -32*z + 34. Give c(-5).
194
Let k(t) = t**2 - 17*t. Calculate k(17).
0
Let n(j) = 5*j**2 - 110*j + 7. Calculate n(22).
7
Let h(s) = -4*s**3 - 6*s**2 + 18*s + 3. What is h(4)?
-277
Let d(g) = 144*g - 4376. Give d(31).
88
Let k(y) = -46*y - 2468. What is k(-56)?
108
Let p(w) = -w**3 - 12*w**2 + 5*w + 6. Determine p(-6).
-240
Let y(r) = -29*r + 2225. What is y(78)?
-37
Let z(w) = -w**3 - 269*w**2 + 532*w + 10. Calculate z(2).
-10
Let t(d) = d**3 + 7*d**2 + 2*d + 54. Calculate t(-10).
-266
Let u(q) = q**3 - 3*q**2 + 23*q + 105. Calculate u(6).
351
Let a(o) = 346*o - 1087. Calculate a(0).
-1087
Let x(c) = -78*c + 423. What is x(5)?
33
Let m(n) = -5*n**2 + 334*n + 78. Determine m(67).
11
Let a(t) = t**2 + 67*t - 366. Give a(5).
-6
Let l(k) = -6*k**2 + 39*k - 136. What is l(5)?
-91
Let u(b) = -b**2 - 22*b - 69. What is u(-3)?
-12
Let z(x) = 18*x**2 + 156*x + 107. Give z(-8).
11
Let p(o) = 5*o - 238. What is p(47)?
-3
Let p(j) = 5*j**2 - 31*j + 18. Determine p(5).
-12
Let o(r) = 2*r**3 - 12*r**2 + 7*r + 1. What is o(8)?
313
Let q(w) = -3*w**2 + 229*w + 22046. What is q(132)?
2
Let q(i) = 42*i + 1251. What is q(-26)?
159
Let q(f) = 9*f**2 - 7*f - 257. What is q(-5)?
3
Let t(g) = -4*g**2 - 109*g + 49. Calculate t(-22).
511
Let c(p) = 3*p - 10. Calculate c(-22).
-76
Let w(y) = 6*y**2 - 17*y - 58. What is w(8)?
190
Let s(o) = 29*o**2 - 106*o - 38. What is s(4)?
2
Let c(i) = 4*i - 448. What is c(-28)?
-560
Let q(g) = -21*g**2 - 50*g - 11. Determine q(-2).
5
Let z(x) = x**2 - 309*x - 3189. Determine z(-10).
1
Let p(l) = -l**3 - 68*l**2 + 52*l - 1176. Give p(-69).
-3
Let j(o) = -385*o**2 + 2697*o - 30. Give j(7).
-16
Let g(h) = 19*h + 572. Calculate g(-29).
21
Let t(v) = -116*v + 1036. Determine t(9).
-8
Let l(n) = 14*n**2 + 279*n + 109. Calculate l(-19).
-138
Let j(n) = -n**3 - 12*n**2 - 21*n. Calculate j(-6).
-90
Let j(r) = r**3 - r**2 - 11*r - 187. What is j(0)?
-187
Let a(z) = 2*z**3 + z + 9. Determine a(2).
27
Let o(b) = 163*b + 1609. Determine o(-10).
-21
Let n(q) = -5*q**2 + 82*q - 227. Determine n(13).
-6
Let c(s) = -s**3 + 62*s**2 + 86*s + 2678. Calculate c(64).
-10
Let v(u) = 114*u - 19503. What is v(171)?
-9
Let x(k) = -2*k**2 + 56*k - 236. What is x(5)?
-6
Let w(s) = -10*s**2 - 23*s + 32. What is w(-4)?
-36
Let g(z) = z**2 - 256*z + 1266. Determine g(5).
11
Let j(q) = -36*q + 833. Determine j(21).
77
Let m(o) = -637*o + 2549. Calculate m(4).
1
Let c(l) = -350*l + 2521. What is c(7)?
71
Let m(n) = 11*n**2 + 8*n + 5. What is m(5)?
320
Let u(r) = 75*r - 2. Determine u(-1).
-77
Let q(w) = 3*w**2 + 140*w + 1617. Calculate q(-19).
40
Let b(j) = -104*j + 446. What is b(6)?
-178
Let n(o) = 55*o**2 + 16*o - 44. What is n(4)?
900
Let w(o) = 13*o**3 - 8*o**2 + o + 9. Calculate w(-1).
-13
Let f(b) = 16*b**2 - 1580*b - 404. What is f(99)?
-8
Let p(d) = 14*d - 301. What is p(26)?
63
Let d(t) = 146*t - 8. Calculate d(0).
-8
Let v(d) = -2*d**2 - 114*d - 1556. Give v(-34).
8
Let o(c) = -c**3 - 3*c**2 + 30*c - 66. Determine o(-9).
150
Let l(m) = 2*m**3 - 32*m**2 + 15*m - 12. Give l(16).
228
Let o(t) = 11*t**2 + 210*t + 520. Calculate o(-16).
-24
Let r(l) = 2*l**3 - 94*l**2 + 2*l - 115. Calculate r(47).
-21
Let j(y) = y**2 + 57*y - 184. Give j(3).
-4
Let j(v) = 5*v**3 + 75*v**2 + 278*v - 8. Give j(-7).
6
Let d(i) = -795*i**2 + 2*i + 5. Give d(-1).
-792
Let a(m) = 480*m + 28809. Calculate a(-60).
9
Let w(u) = -u**3 + 6*u**2 + 5*u - 28. What is w(6)?
2
Let q(t) = 4768*t + 14306. Calculate q(-3).
2
Let v(u) = -15*u**2 + 30*u - 131. Determine v(5).
-356
Let w(u) = -14*u - 203. Calculate w(-16).
21
Let j(u) = -u**2 + 6*u + 208. Determine j(19).
-39
Let b(y) = -141*y**3 + y**2 + 2*y. What is b(-1)?
140
Let u(x) = 1967*x + 1959. Calculate u(-1).
-8
Let d(j) = -11*j**3 - 51*j**2 + 69*j - 19. Give d(1).
-12
Let a(p) = -856*p + 5113. Calculate a(6).
-23
Let q(f) = 2*f**3 + 18*f**2 + 14*f + 65. Determine q(-7).
163
Let v(t) = 161*t - 222. Determine v(1).
-61
Let n(j) = 71*j + 1709. Determine n(-22).
147
Let d(z) = -98*z - 3720. What is d(-38)?
4
Let n(o) = 45*o - 8. Calculate n(6).
262
Let o(j) = -5*j**3 - 75*j**2 - 129*j - 1935. Give o(-15).
0
Let k(a) = 39*a - 87. Determine k(39).
1434
Let l(f) = 6968*f - 76667. Determine l(11).
-19
Let l(t) = t**3 - 3*t**2 - 22*t - 6. Calculate l(-3).
6
Let u(x) = 534*x - 8001. What is u(15)?
9
Let r(f) = 2*f**3 + 149*f**2 + 217*f - 167. What is r(-73)?
-21
Let j(d) = 171*d - 374. What is j(2)?
-32
Let k(g) = 6*g - 24. Calculate k(18).
84
Let h(n) = 30*n**3 - 95*n**2 + 23*n - 31. Determine h(3).
-7
Let u(q) = -3*q**2 - 45*q + 7. Determine u(-21).
-371
Let m(a) = -57*a**2 + 4*a - 1. What is m(2)?
-221
Let u(t) = t**3 + t**2 + 3*t - 20. Calculate u(2).
-2
Let y(t) = -t**3 + 42*t - 95. Calculate y(3).
4
Let i(s) = -s**3 + 46*s**2 - 165*s - 120. Determine i(42).
6
Let z(d) = 35*d**3 - 5*d**2 + 7. Calculate z(2).
267
Let i(c) = c**3 + 57*c**2 + 792*c - 15. Determine i(-33).
-15
Let c(q) = -2137*q + 6540. Give c(3).
129
Let u(h) = -4*h**2 - 123*h - 669. Give u(-7).
-4
Let t(b) = -b**3 + 3*b - 7. Calculate t(4).
-59
Let x(r) = 2*r**3 + 16*r**2 - 63*r + 35. What is x(-11)?
2
Let l(c) = -542*c - 3745. Determine l(-7).
49
Let j(d) = 374*d - 359